
39
Let m(b) = -b**2 + 7*b - 7. Suppose -2 = 4*i + 6, -3*j - i = -1. Let q(d) = -d**2 + d - 2. Let s(l) = j*m(l) - 2*q(l). Determine s(-6).
3
Let t(n) = n**2 - 6*n - 2. Let h be t(10). Suppose 8 = -30*q + 31*q. Suppose 0 = q*l - h - 18. Let c(f) = -f**2 + 8*f - 7. Give c(l).
0
Let n(g) = -g**3 - 6*g**2 - 2*g + 8. Let s = 682 + -687. Give n(s).
-7
Let v(q) = -1 + 1 + 1 + 1 - 3*q. Let s(i) = i**3 + 10*i**2 + 8*i - 5. Let u be s(-9). Calculate v(u).
-10
Let z(c) = c**3 - 7*c**2 - 9*c + 4. Let n = -5 + 12. Give z(n).
-59
Suppose 5*w + z + 7 = 0, 28*w - 5*z + 11 = 30*w. Let t(p) = 5*p + 10. Calculate t(w).
0
Let k be 3/(-6) + (-7)/(-2). Let u(p) = k*p + p**2 + 1 + 10*p**3 - p + 0. Let h = -488 + 487. Calculate u(h).
-10
Let h be 1 - (12 + -7) - -2. Let c(q) = -6*q**2 - 4*q - 2. Calculate c(h).
-18
Let y(c) be the second derivative of 5*c**3/6 + c + 26. Determine y(-5).
-25
Let h(u) be the second derivative of -1/2*u**2 + 0 + 1/6*u**3 + 17*u. Let x = -8 - -3. Determine h(x).
-6
Let y(k) = -k**3 - 6*k - 6. Let d be y(0). Let g(o) = -o**3 - 7*o**2 - 4*o + 6. Calculate g(d).
-6
Let k = 23 - 21. Let l(u) = 2 + 2 - 2*u + u**3 - 2*u**2 - u**2 + 0*u**k. Calculate l(3).
-2
Let z be (-22)/3 - (-2)/6. Let u(l) = 6863*l - 17 - 6861*l + 9. Give u(z).
-22
Let x(d) be the first derivative of -d**4/4 - 7*d**3/3 + d**2/2 + 4*d + 1. Let n(q) = -28*q**3 - q**2 - q + 1. Let o be n(2). Let l = -236 - o. Give x(l).
-3
Let p(u) be the third derivative of -u**4/12 + 13*u**3/6 + 5*u**2 + 12. What is p(7)?
-1
Let n(c) be the first derivative of -c**6/180 - c**5/40 - c**4/24 + c**3/3 + 6*c - 47. Let m(d) be the third derivative of n(d). Calculate m(-2).
-3
Suppose -a = a - 5*x - 1, 0 = 3*a - 5*x - 9. Let k = a + 0. Suppose -3 = n - k. Let w(j) = j - 6. Give w(n).
-1
Let g(z) = z**2. Let t be g(-2). Suppose t*n + 10 = 3*c, 0 = 2*n - 0*n - 5*c - 2. Let j(h) = -h**3 - 5*h**2 - 3*h - 2. Give j(n).
-6
Let u(s) = 3*s - 34. Let o = -1075 + 1087. Determine u(o).
2
Let k(d) = 7*d**2 + 14*d + 28. Let a(y) = -6*y**2 - 14*y - 26. Let c(p) = -6*a(p) - 5*k(p). Calculate c(-12).
-8
Let p(o) = o**2 - o - 11. Suppose -f + 7 = 2*c - 5*c, -3*c + 2*f - 11 = 0. Let s be 0/(c/6*-2*-3). Determine p(s).
-11
Let r(l) = l**2 + 12*l + 24. Let h be r(-10). Let x(a) = -h*a - 4*a + 4*a + 3 + a. Determine x(6).
-15
Let k = 3 - 1. Let t(r) = -3 - r**k + 1 + 6*r + r. Let d be (0 - 10)*21/(-35) + 0. Calculate t(d).
4
Suppose 5*f - 2*s + 0*s = -5, -5*f + 5*s + 10 = 0. Let v(t) be the third derivative of -t**4/24 - t**3 + 13*t**2 - 2*t + 81. What is v(f)?
-3
Let f(n) = 3*n + 3. Let t(c) = -24*c - 1. Let i be (2 - 3)/(-6 - -7). Let j be t(i). Let z = j - 25. Give f(z).
-3
Let r(i) be the second derivative of i**3/6 - 5*i. Suppose 10*q = -86 + 16. Calculate r(q).
-7
Let r(m) = -m**2 + 0 + m**3 - 6 - 7*m + 6*m**2. Suppose 2*g = -3*n + 13, 4*n + 4*g = -0 + 20. Suppose 0 = 5*c - u + 29, -4*u + u = -c - n. Give r(c).
0
Let g(t) = t**2 + 8*t + 11. Let c be g(-7). Let d(q) = 3 - 12*q + c*q + 10*q. Give d(-5).
-7
Let m(j) = -j + 11. Let x be (-3 + 3 - -1)*-1. Let n(o) = 23*o + 2. Let p be n(x). Let c = p - -27. What is m(c)?
5
Let q(f) = f**3 + f + 3. Suppose -4*b = -b. Let r be (b/(-1) - 1) + 3. Let j be -2 + 0/(-1) + r. Determine q(j).
3
Let p(s) = 4*s**3 - s**2 + 6*s + 1. Let k(u) = -4*u**3 + u**2 - 7*u - 2. Let a(t) = 4*k(t) + 5*p(t). Let r(h) = -h**3 - 1. Let c(l) = -a(l) + 2*r(l). Give c(1).
-6
Let h(l) be the second derivative of l**6/360 - l**5/15 + 5*l**4/24 - l**3/2 - 13*l. Let r(m) be the second derivative of h(m). Determine r(6).
-7
Let r(k) = -k**2 + 23*k - 23*k + 2. Let y(n) be the third derivative of n**5/20 - 3*n**3/2 - 7*n**2. Let m(f) = 18*r(f) + 4*y(f). Give m(1).
-6
Let j(s) = 10*s**3 + s**2 - 2*s + 1. Let c(n) = n**2 + 27*n + 51. Let d be c(-25). What is j(d)?
10
Let t be (0 - -1)/(10/30). Let i = 5 - t. Let y(u) = 2 + u**3 + 4*u**i + 4*u + 0*u**2 - 3*u. Calculate y(-2).
8
Let n(y) = -11*y**2 - 4*y + 1. Let t(j) = -13*j**2 - 4*j. Let m(q) = 6*n(q) - 5*t(q). Give m(2).
-6
Let g(y) = 6*y**2 - 8*y + 21. Let z(o) = -16*o**2 + 25*o - 60. Let m(j) = -11*g(j) - 4*z(j). Give m(-9).
-45
Let o(k) = k + 2. Suppose 30*c = 33*c - 15. Determine o(c).
7
Let o(z) be the second derivative of -z**5/120 - z**4/6 - z**3/3 - z. Let q(s) be the second derivative of o(s). Give q(-4).
0
Let v be ((-675)/270)/(3/6). Let u(z) = -z. Let y(t) = -t**3 - 4*t**2 + 2*t - 5. Let a = -1 - -2. Let r(q) = a*y(q) - 4*u(q). Give r(v).
-10
Let g(p) = p**3 - 5*p**2 - 2*p + 7. Let a be g(5). Let k(n) be the second derivative of 3*n + 1/2*n**2 - 1/6*n**3 + 0. Calculate k(a).
4
Suppose -3*c + 4*x = 7, -3*x = -c - 4 + 5. Let y(w) = 4*w + 17. What is y(c)?
-3
Let q(i) = i - 7. Let f = 1097 - 1093. What is q(f)?
-3
Let z(f) be the third derivative of f**6/120 + f**5/20 + f**4/6 + f**3 - 31*f**2 + 3*f. What is z(-3)?
-6
Suppose 70*a - 258 = 76*a. Let r = -42 - a. Let t(j) = -6*j**2 - 2*j + 1. Calculate t(r).
-7
Let m(d) = -d**3 + 6*d**2 - 1. Suppose 10*p = 11*p - 38. Let y = -32 + p. Calculate m(y).
-1
Suppose -t - 5*k = -5, -4*k = 4*t - 23 + 3. Let q(g) = -g**2 + 5*g - 3. Calculate q(t).
-3
Let r(v) = 3*v**3 + 3*v**2 - 5. Let k(j) = j**3 + j**2 - 2. Let i(h) = 5*k(h) - 2*r(h). Calculate i(-2).
4
Let p(v) = v**2 + 9*v + 8. Let r = -12 - -12. Suppose -4*n = -3*a + 123, -3*a - n = -r*a - 108. Suppose -w = 4, -5*w - a = 3*j + 4. Give p(j).
-6
Let g(o) = -3*o**2 - o + 1. Let l(u) = 8*u**2 + 9*u - 12. Let s(p) = 3*g(p) + l(p). What is s(7)?
-16
Let k(f) = f**3 - 12*f**2 + f - 10. Let q(x) = 2*x**3 - 14*x**2 + 2*x - 12. Let o(t) = 3*k(t) - 2*q(t). What is o(-8)?
2
Let z be (-20)/6*78/(-65). Let f(g) = g**3 - 6*g**2 + g + 4. What is f(z)?
-24
Let f = 4 - 2. Suppose -f*g - 1 = 1. Let r(p) = -4*p**2 - 5*p**3 + p - 4*p**3 + 5*p**2 + 16*p**3. What is r(g)?
-7
Let x(c) = -733*c**2 - 10*c + 732*c**2 + c + 11. Determine x(-9).
11
Let i be (32/(-40))/((-2)/60). Let d = 27 - i. Let a be (d + -5)*(0 + 1). Let u(x) = 5*x + 2. Calculate u(a).
-8
Let x(j) = j**2 + 17*j + 2. Let o(d) = -2*d**2 - 35*d - 3. Let s(w) = 4*o(w) + 9*x(w). Let q be s(-13). Let k(n) = -n + 14. Give k(q).
8
Let w(x) = x**2 - x + 1. Let l be w(0). Let n be (-4 - (3 + 18))/l. Let k = -25 - n. Let m(t) = t**2 - t. Give m(k).
0
Let w be (26/4 - 6)*(1 + 33). Suppose -q - 10 = -w. Let c(x) = x**2 - 9*x + 3. What is c(q)?
-11
Let s be (-280)/(-64) - 6/16. Let x(n) = n**2 - 3*n - 3. Give x(s).
1
Let b(m) = -m**3 - 9*m**2 - 11*m - 10. Suppose 50 = -5*l - 3*o, -4*o = -6*l + 5*l + 13. Give b(l).
-31
Let w(l) = -l**2. Let q(s) = s**3 - 3*s**2 + 6*s - 1. Let b(h) = q(h) - 6*w(h). Let x(a) = -3*a**3 - 9*a**2 - 17*a + 2. Let y(k) = 11*b(k) + 4*x(k). Give y(-2).
-3
Let i(k) = k + 14. Suppose -3*a - 200 = 17*a. Determine i(a).
4
Let c(x) = x**2 + 16*x + 40. Suppose 80*i - 47*i = -396. Determine c(i).
-8
Let s(q) be the third derivative of -q**6/120 - 2*q**5/15 - 7*q**4/24 + q**3 + 20*q**2 - 1. Determine s(-7).
6
Suppose 3*s + 1 - 13 = 0. Let q(a) = 2*a**2 + 4*a - 3. Let d be q(4). Let p(i) = 22 - d + 22 + i - 5*i. Determine p(s).
-17
Let y = 14 + -12. Let m(n) = 0*n**2 - 4 - n**y + 3. Let u(v) = -3*v**2 + 6*v + 2. Let c(k) = -4*m(k) + u(k). Give c(-4).
-2
Let k(u) = -u**2 + 2. Suppose 10 = 2*r - 3*d, 23*r + 4*d + 12 = 25*r. Determine k(r).
-2
Let y(i) = -i**3 - i**2 + 6*i + 4. Let x(q) = -12*q - 256. Let o be x(-21). Give y(o).
28
Let v(n) = -n**3 - 7*n**2 - 3*n + 9. Let j(y) = 3*y**3 + 14*y**2 + 6*y - 18. Let x(z) = -2*j(z) - 5*v(z). Determine x(7).
12
Suppose -4*y + 5 = 5*h, 6 - 3 = 3*h - 4*y. Let d be (2/6)/(h/78). Suppose 0*g = -2*g - 5*q + 2, 0 = 5*g + 2*q - d. Let u(i) = -i**2 + 7*i - 9. Calculate u(g).
-3
Let w(q) = -2*q**2 + q - 2. Let j(z) = z**2 + z + 16. Let i(p) = j(p) + w(p). What is i(4)?
6
Let b(w) = -w**3 + 0*w - 4*w + 0*w**3 + 3*w**2 + 0 + 1. Let g be 1*-6 - (-44 + 35). Calculate b(g).
-11
Let t(a) = 6 - 11*a**2 - 2*a**3 + 9 + a**3 + 14*a**2 - 17. Let k be (-2 - -4) + -3 - -3. Give t(k).
2
Let r(g) = 2*g**2 + 22*g - 3. Let w = 4 - 15. Let d be r(w). Let i(m) = -m**3 - 3*m**2 - 2*m - 2. Determine i(d).
4
Let m(c) = 5*c**3 + 10*c**2 + 14*c + 5. Let x(f) = -17*f**3 - 31*f**2 - 41*f - 10. Let n(h) = 7*m(h) + 2*x(h). Determine n(-6).
-9
Let u(z) = 0*z**3 + 2*z**2 + 12*z**2 + 3*z + 9*z + z**